26475?
True
Is 2662738 a multiple of 611?
True
Does 94 divide 1326058?
True
Is 28 a factor of 194376?
True
Is 149215 a multiple of 7?
False
Is 974694 a multiple of 23?
True
Is 403609 a multiple of 13?
False
Is 225785 even?
False
Is 18 a factor of 84626?
False
Is 2008176 a multiple of 20?
False
Is 9 a factor of 96732?
True
Is 6 a factor of 183306?
True
Is 22 a factor of 30624?
True
Is 74 a factor of 114978?
False
Is 49 a factor of 1246522?
False
Is 687498 a multiple of 150?
False
Does 27 divide 1168324?
False
Is 24 a factor of 15432024?
True
Is 13 a factor of 1324823?
False
Is 12 a factor of 790668?
True
Is 9330083 a multiple of 29?
True
Does 9 divide 213480?
True
Is 183 a factor of 6966444?
True
Is 231 a factor of 398173?
False
Does 604 divide 3465148?
True
Does 9 divide 12978?
True
Does 20 divide 57240?
True
Is 21866 a multiple of 17?
False
Is 486956 a multiple of 20?
False
Does 587 divide 2343537?
False
Does 991 divide 1916518?
False
Is 9 a factor of 13392585?
True
Does 24 divide 388752?
True
Does 5 divide 672481?
False
Does 221 divide 158893?
False
Is 5 a factor of 48055?
True
Is 14 a factor of 15428350?
True
Is 38895 a multiple of 63?
False
Does 554 divide 379687?
False
Does 12 divide 1634860?
False
Is 113565 a multiple of 207?
False
Does 30 divide 12842730?
True
Is 10324831 a multiple of 293?
False
Does 15 divide 1711579?
False
Is 15634 a multiple of 64?
False
Is 100719 a multiple of 361?
True
Is 171295 a multiple of 63?
False
Is 1002486 a multiple of 114?
False
Does 685 divide 867895?
True
Is 18 a factor of 4843584?
True
Is 33 a factor of 5255679?
True
Is 284935 a multiple of 25?
False
Is 256585 a multiple of 35?
True
Does 1079 divide 2085707?
True
Is 25221582 a multiple of 390?
False
Does 15 divide 122937?
False
Does 6 divide 575046?
True
Is 22089834 a multiple of 221?
True
Does 14 divide 3122756?
True
Is 997 a factor of 3138556?
True
Does 1299 divide 293574?
True
Is 213588 a multiple of 4?
True
Is 777 a factor of 8277381?
True
Does 292 divide 8328965?
False
Does 518 divide 3072548?
False
Is 98 a factor of 2126664?
False
Does 114 divide 951330?
True
Is 881 a factor of 7347540?
True
Is 250710 a multiple of 184?
False
Is 3 a factor of 65903?
False
Does 37 divide 450492?
False
Does 506 divide 395218?
False
Is 158593 a multiple of 19?
True
Is 59 a factor of 149211?
True
Does 20 divide 759031?
False
Is 167 a factor of 31370?
False
Is 80 a factor of 3706048?
False
Is 56474 a multiple of 40?
False
Does 11 divide 1179575?
False
Is 246 a factor of 1504536?
True
Is 194610 a multiple of 130?
True
Is 2078550 a multiple of 6?
True
Does 465 divide 19065?
True
Is 88 a factor of 51834?
False
Does 12 divide 9667548?
True
Is 26 a factor of 727653?
False
Is 185272 a multiple of 76?
False
Is 134 a factor of 142710?
True
Is 10 a factor of 2893439?
False
Is 1072094 a multiple of 19?
True
Is 1438249 a multiple of 35?
False
Is 5 a factor of 57155?
True
Does 4 divide 5657440?
True
Is 810641 a multiple of 491?
True
Is 108 a factor of 511380?
True
Does 108 divide 610612?
False
Is 11 a factor of 294789?
True
Does 180 divide 38385029?
False
Is 10771729 a multiple of 66?
False
Does 10 divide 6997090?
True
Is 491126 a multiple of 52?
False
Is 56566 a multiple of 26?
False
Is 15 a factor of 4360987?
False
Is 32 a factor of 6855296?
True
Does 87 divide 292407?
True
Is 7966059 a multiple of 74?
False
Is 9 a factor of 4693?
False
Does 9 divide 236863?
False
Is 13590 a multiple of 15?
True
Is 945 a factor of 5419718?
False
Is 158870 a multiple of 365?
False
Is 29 a factor of 6794?
False
Does 87 divide 2817241?
False
Is 34579798 a multiple of 14?
False
Is 331 a factor of 313126?
True
Is 581 a factor of 719278?
True
Is 566 a factor of 849000?
True
Is 1130988 a multiple of 614?
True
Is 655062 a multiple of 8?
False
Is 361 a factor of 4577480?
True
Does 713 divide 336670?
False
Is 1685071 a multiple of 305?
False
Is 5 a factor of 29481?
False
Does 97 divide 563764?
True
Is 56 a factor of 1620528?
True
Does 376 divide 212247?
False
Is 1207 a factor of 2434519?
True
Is 52 a factor of 1512784?
True
Is 1228275 a multiple of 159?
True
Does 46 divide 96646?
True
Is 280 a factor of 363597?
False
Is 617 a factor of 1517459?
False
Is 3351124 a multiple of 173?
False
Does 4 divide 2125292?
True
Is 6957429 a multiple of 211?
False
Is 33 a factor of 8452785?
True
Does 407 divide 75601?
False
Is 160033 a multiple of 2?
False
Does 13 divide 1111305?
True
Is 4056256 a multiple of 976?
True
Does 646 divide 7766212?
True
Is 66 a factor of 3421613?
False
Is 815604 a multiple of 4?
True
Does 15 divide 3196524?
False
Does 19 divide 130568?
True
Is 22 a factor of 5525036?
True
Does 3 divide 97?
False
Is 248570 a multiple of 265?
True
Is 120372 a multiple of 84?
True
Is 4415076 a multiple of 46?
False
Is 439114 a multiple of 101?
False
Is 49 a factor of 1214347?
False
Does 194 divide 384896?
True
Is 206 a factor of 217620?
False
Is 5946 a multiple of 14?
False
Is 426 a factor of 735702?
True
Is 43 a factor of 719605?
True
Does 233 divide 7842836?
False
Is 25 a factor of 22530?
False
Is 2062359 a multiple of 9?
True
Is 1270 a factor of 310580?
False
Does 231 divide 350658?
True
Does 32 divide 123808?
True
Is 82 a factor of 425210?
False
Is 15592602 a multiple of 48?
False
Does 8 divide 1128?
True
Does 30 divide 66529?
False
Is 70590 a multiple of 390?
True
Is 1170725 a multiple of 10?
False
Is 934 a factor of 1682754?
False
Is 12 a factor of 1295676?
True
Is 53712 a multiple of 9?
True
Does 114 divide 3715746?
False
Does 17 divide 521589?
False
Is 1934188 a multiple of 24?
False
Is 51862 a multiple of 11?
False
Is 934744 a multiple of 662?
True
Is 1345911 a multiple of 969?
False
Does 189 divide 42021?
False
Does 126 divide 3146479?
False
Is 76 a factor of 451060?
True
Does 1045 divide 2162932?
False
Is 4278900 a multiple of 51?
True
Does 37 divide 747252?
True
Is 2823283 a multiple of 116?
False
Is 55556 a multiple of 68?
True
Is 559792 a multiple of 16?
True
Does 10 divide 62710?
True
Is 178338 a multiple of 403?
False
Is 15 a factor of 150073?
False
Is 44070 a multiple of 113?
True
Is 89 a factor of 8749412?
True
Is 6 a factor of 29910?
True
Is 234669 a multiple of 50?
False
Is 2847815 a multiple of 31?
True
Is 692 a factor of 13794328?
True
Is 7014210 a multiple of 35?
True
Does 17 divide 1524968?
True
Is 591 a factor of 349872?
True
Does 34 divide 2473601?
False
Is 33 a factor of 129987?
True
Is 10571704 a multiple of 7?
False
Is 149 a factor of 844984?
False
Is 344 a factor of 2024096?
True
Is 1448356 a multiple of 14?
True
Is 44 a factor of 1891780?
True
Does 26 divide 2573780?
False
Is 77855 a multiple of 115?
True
Does 212 divide 57518?
False
Does 133 divide 16477063?
False
Does 13 divide 272051?
True
Does 150 divide 205200?
True
Does 32 divide 682304?
True
Is 7150395 a multiple of 533?
False
Is 20382396 a multiple of 71?
True
Does 433 divide 387968?
True
Is 12231 a multiple of 3?
True
Is 32560 a multiple of 8?
True
Does 4 divide 39292?
True
Is 325 a factor of 2315300?
True
Is 1669953 a multiple of 598?
False
Does 415 divide 2382018?
False
Does 166 divide 28517638?
True
Is 80920 a multiple of 238?
True
Does 5 divide 4303?
False
Does 74 divide 1529299?
False
Does 20 divide 3320984?
False
Is 117528 a multiple of 118?
True
Does 105 divide 259705?
False
Is 5 a factor of 36878?
False
Does 38 divide 94285?
False
Is 60435 a multiple of 38?
False
Does 102 divide 12240?
True
Is 7 a factor of 233940?
True
Does 63 divide 745353?
True
Does 236 divide 73717?
False
Does 38 divide 208012?
True
Is 15983640 a multiple of 120?
True
Does 32 divide 9954368?
True
Is 34 a factor of 1729512?
True
Is 8 a factor of 372218?
False
Is 9393192 a multiple of 108?
True
Is 228 a factor of 865716?
True
Is 1118431 a multiple of 14?
False
Is 15716817 a multiple of 12?
False
Is 146502 a multiple of 7?
False
Is 113053 a multiple of 385?
False
Is 286833 a multiple of 69?
True
Does 30 divide 156236?
False
Is 926 a factor of 7401518?
True
Is 148 a factor of 16442967?
False
Does 31 divide 1302919?
False
Is 181259 a multiple of 331?
False
Does 9 divide 65789?
False
Is 83 a factor of 124500?
True
Is 26 a factor of 925698?
False
Does 382 divide 1634196?
True
Is 9 a factor of 105426?
True
Does 116 divide 33873?
False
Does 30 div